[INFO] cloning repository https://github.com/zesterer/glint
[INFO] running `Command { std: "git" "-c" "credential.helper=" "-c" "credential.helper=/workspace/cargo-home/bin/git-credential-null" "clone" "--bare" "https://github.com/zesterer/glint" "/workspace/cache/git-repos/https%3A%2F%2Fgithub.com%2Fzesterer%2Fglint", kill_on_drop: false }`
[INFO] [stderr] Cloning into bare repository '/workspace/cache/git-repos/https%3A%2F%2Fgithub.com%2Fzesterer%2Fglint'...
[INFO] running `Command { std: "git" "rev-parse" "HEAD", kill_on_drop: false }`
[INFO] [stdout] 2f91f3e93749ac5c5d230df3bb5652957bec0890
[INFO] checking zesterer/glint against try#72f88fc4e9458f89516a0b8b0868f3718aec5b47 for pr-74989
[INFO] running `Command { std: "git" "clone" "/workspace/cache/git-repos/https%3A%2F%2Fgithub.com%2Fzesterer%2Fglint" "/workspace/builds/worker-14/source", kill_on_drop: false }`
[INFO] [stderr] Cloning into '/workspace/builds/worker-14/source'...
[INFO] [stderr] done.
[INFO] validating manifest of git repo https://github.com/zesterer/glint on toolchain 72f88fc4e9458f89516a0b8b0868f3718aec5b47
[INFO] running `Command { std: "/workspace/cargo-home/bin/cargo" "+72f88fc4e9458f89516a0b8b0868f3718aec5b47" "read-manifest" "--manifest-path" "Cargo.toml", kill_on_drop: false }`
[INFO] started tweaking git repo https://github.com/zesterer/glint
[INFO] finished tweaking git repo https://github.com/zesterer/glint
[INFO] tweaked toml for git repo https://github.com/zesterer/glint written to /workspace/builds/worker-14/source/Cargo.toml
[INFO] crate git repo https://github.com/zesterer/glint already has a lockfile, it will not be regenerated
[INFO] running `Command { std: "/workspace/cargo-home/bin/cargo" "+72f88fc4e9458f89516a0b8b0868f3718aec5b47" "fetch" "--locked" "--manifest-path" "Cargo.toml", kill_on_drop: false }`
[INFO] [stderr]  Downloading crates ...
[INFO] [stderr]   Downloaded winit v0.18.1
[INFO] [stderr]   Downloaded nix v0.12.0
[INFO] [stderr]   Downloaded gleam v0.6.8
[INFO] [stderr]   Downloaded approx v0.3.1
[INFO] [stderr]   Downloaded glutin v0.19.0
[INFO] [stderr]   Downloaded cocoa v0.18.4
[INFO] [stderr]   Downloaded wayland-scanner v0.21.10
[INFO] [stderr]   Downloaded wayland-sys v0.21.10
[INFO] [stderr]   Downloaded ordered-float v1.0.1
[INFO] [stderr]   Downloaded wayland-commons v0.21.10
[INFO] [stderr]   Downloaded downcast-rs v1.0.3
[INFO] [stderr]   Downloaded core-foundation v0.6.3
[INFO] [stderr]   Downloaded objc v0.2.5
[INFO] [stderr]   Downloaded stb_truetype v0.2.5
[INFO] [stderr]   Downloaded andrew v0.1.5
[INFO] [stderr]   Downloaded rusttype v0.7.3
[INFO] [stderr]   Downloaded wayland-protocols v0.21.10
[INFO] [stderr]   Downloaded smithay-client-toolkit v0.4.4
[INFO] [stderr]   Downloaded wayland-client v0.21.10
[INFO] [stderr]   Downloaded vek v0.9.5
[INFO] [stderr]   Downloaded khronos_api v3.0.0
[INFO] [stderr]   Downloaded libc v0.2.47
[INFO] [stderr]   Downloaded glium v0.23.0
[INFO] running `Command { std: "docker" "create" "-v" "/var/lib/crater-agent-workspace/builds/worker-14/target:/opt/rustwide/target:rw,Z" "-v" "/var/lib/crater-agent-workspace/builds/worker-14/source:/opt/rustwide/workdir:ro,Z" "-v" "/var/lib/crater-agent-workspace/cargo-home:/opt/rustwide/cargo-home:ro,Z" "-v" "/var/lib/crater-agent-workspace/rustup-home:/opt/rustwide/rustup-home:ro,Z" "-e" "SOURCE_DIR=/opt/rustwide/workdir" "-e" "CARGO_TARGET_DIR=/opt/rustwide/target" "-e" "CARGO_HOME=/opt/rustwide/cargo-home" "-e" "RUSTUP_HOME=/opt/rustwide/rustup-home" "-w" "/opt/rustwide/workdir" "-m" "1610612736" "--user" "0:0" "--network" "none" "rustops/crates-build-env@sha256:d92eaeed33fa75130ca1ee6c8a01d1ffb62bac859dfdfb3450e3e5d1c0146529" "/opt/rustwide/cargo-home/bin/cargo" "+72f88fc4e9458f89516a0b8b0868f3718aec5b47" "metadata" "--no-deps" "--format-version=1", kill_on_drop: false }`
[INFO] [stdout] f4607c42468d0f820970591390f10276d469569ae3804d68aea7b295b74ed627
[INFO] [stderr] WARNING: Your kernel does not support swap limit capabilities or the cgroup is not mounted. Memory limited without swap.
[INFO] running `Command { std: "docker" "start" "-a" "f4607c42468d0f820970591390f10276d469569ae3804d68aea7b295b74ed627", kill_on_drop: false }`
[INFO] running `Command { std: "docker" "inspect" "f4607c42468d0f820970591390f10276d469569ae3804d68aea7b295b74ed627", kill_on_drop: false }`
[INFO] running `Command { std: "docker" "rm" "-f" "f4607c42468d0f820970591390f10276d469569ae3804d68aea7b295b74ed627", kill_on_drop: false }`
[INFO] [stdout] f4607c42468d0f820970591390f10276d469569ae3804d68aea7b295b74ed627
[INFO] running `Command { std: "docker" "create" "-v" "/var/lib/crater-agent-workspace/builds/worker-14/target:/opt/rustwide/target:rw,Z" "-v" "/var/lib/crater-agent-workspace/builds/worker-14/source:/opt/rustwide/workdir:ro,Z" "-v" "/var/lib/crater-agent-workspace/cargo-home:/opt/rustwide/cargo-home:ro,Z" "-v" "/var/lib/crater-agent-workspace/rustup-home:/opt/rustwide/rustup-home:ro,Z" "-e" "SOURCE_DIR=/opt/rustwide/workdir" "-e" "CARGO_TARGET_DIR=/opt/rustwide/target" "-e" "CARGO_INCREMENTAL=0" "-e" "RUST_BACKTRACE=full" "-e" "RUSTFLAGS=--cap-lints=forbid" "-e" "CARGO_HOME=/opt/rustwide/cargo-home" "-e" "RUSTUP_HOME=/opt/rustwide/rustup-home" "-w" "/opt/rustwide/workdir" "-m" "1610612736" "--user" "0:0" "--network" "none" "rustops/crates-build-env@sha256:d92eaeed33fa75130ca1ee6c8a01d1ffb62bac859dfdfb3450e3e5d1c0146529" "/opt/rustwide/cargo-home/bin/cargo" "+72f88fc4e9458f89516a0b8b0868f3718aec5b47" "check" "--frozen" "--all" "--all-targets" "--message-format=json", kill_on_drop: false }`
[INFO] [stdout] 4224ddc0ca3a911ee8f0f96dfaa39557c0a9edf206287d5ea26e8a87147bff15
[INFO] [stderr] WARNING: Your kernel does not support swap limit capabilities or the cgroup is not mounted. Memory limited without swap.
[INFO] running `Command { std: "docker" "start" "-a" "4224ddc0ca3a911ee8f0f96dfaa39557c0a9edf206287d5ea26e8a87147bff15", kill_on_drop: false }`
[INFO] [stderr]    Compiling semver-parser v0.7.0
[INFO] [stderr]    Compiling cc v1.0.28
[INFO] [stderr]    Compiling xml-rs v0.8.0
[INFO] [stderr]    Compiling autocfg v0.1.2
[INFO] [stderr]    Compiling num-traits v0.2.6
[INFO] [stderr]     Checking rand_core v0.3.0
[INFO] [stderr]     Checking void v1.0.2
[INFO] [stderr]     Checking lazy_static v1.2.0
[INFO] [stderr]     Checking cfg-if v0.1.6
[INFO] [stderr]     Checking bitflags v1.0.4
[INFO] [stderr]    Compiling nix v0.12.0
[INFO] [stderr]    Compiling arrayvec v0.4.10
[INFO] [stderr]     Checking byteorder v1.2.7
[INFO] [stderr]     Checking nodrop v0.1.13
[INFO] [stderr]     Checking same-file v1.0.4
[INFO] [stderr]     Checking xdg v2.2.0
[INFO] [stderr]     Checking scopeguard v0.3.3
[INFO] [stderr]     Checking percent-encoding v1.0.1
[INFO] [stderr]    Compiling num-integer v0.1.39
[INFO] [stderr]     Checking rustc-demangle v0.1.13
[INFO] [stderr]     Checking static_assertions v0.2.5
[INFO] [stderr]     Checking fnv v1.0.6
[INFO] [stderr]    Compiling log v0.4.6
[INFO] [stderr]    Compiling x11-dl v2.18.3
[INFO] [stderr]     Checking unreachable v1.0.0
[INFO] [stderr]     Checking walkdir v2.2.7
[INFO] [stderr]     Checking lock_api v0.1.5
[INFO] [stderr]    Compiling semver v0.9.0
[INFO] [stderr]     Checking rand_isaac v0.1.1
[INFO] [stderr]     Checking rand_xorshift v0.1.1
[INFO] [stderr]     Checking rand_hc v0.1.0
[INFO] [stderr]     Checking rand_os v0.1.1
[INFO] [stderr]     Checking memmap v0.7.0
[INFO] [stderr]     Checking shared_library v0.1.9
[INFO] [stderr]     Checking stb_truetype v0.2.5
[INFO] [stderr]     Checking smallvec v0.6.7
[INFO] [stderr]    Compiling wayland-scanner v0.21.10
[INFO] [stderr]    Compiling gl_generator v0.10.0
[INFO] [stderr]    Compiling rand_chacha v0.1.1
[INFO] [stderr]    Compiling rand v0.6.4
[INFO] [stderr]    Compiling backtrace v0.3.13
[INFO] [stderr]    Compiling rustc_version v0.2.3
[INFO] [stderr]     Checking osmesa-sys v0.1.2
[INFO] [stderr]    Compiling libloading v0.5.0
[INFO] [stderr]    Compiling backtrace-sys v0.1.28
[INFO] [stderr]    Compiling rand_pcg v0.1.1
[INFO] [stderr]    Compiling parking_lot_core v0.4.0
[INFO] [stderr]    Compiling vek v0.9.5
[INFO] [stderr]    Compiling wayland-client v0.21.10
[INFO] [stderr]    Compiling wayland-protocols v0.21.10
[INFO] [stderr]     Checking dlib v0.4.1
[INFO] [stderr]    Compiling glutin v0.19.0
[INFO] [stderr]    Compiling glium v0.23.0
[INFO] [stderr]     Checking approx v0.3.1
[INFO] [stderr]     Checking ordered-float v1.0.1
[INFO] [stderr]     Checking line_drawing v0.7.0
[INFO] [stderr]     Checking num-traits v0.1.43
[INFO] [stderr]     Checking wayland-sys v0.21.10
[INFO] [stderr]     Checking rusttype v0.7.3
[INFO] [stderr]     Checking andrew v0.1.5
[INFO] [stderr]     Checking parking_lot v0.7.1
[INFO] [stderr]     Checking wayland-commons v0.21.10
[INFO] [stderr]     Checking smithay-client-toolkit v0.4.4
[INFO] [stdout] error[E0502]: cannot borrow `rows` as immutable because it is also borrowed as mutable
[INFO] [stdout]     --> /opt/rustwide/cargo-home/registry/src/github.com-1ecc6299db9ec823/vek-0.9.5/src/mat.rs:1703:31
[INFO] [stdout]      |
[INFO] [stdout] 1703 |                 rows[3][0] += rows[0].dot(t);
[INFO] [stdout]      |                 --------------^^^^----------
[INFO] [stdout]      |                 |             |
[INFO] [stdout]      |                 |             immutable borrow occurs here
[INFO] [stdout]      |                 mutable borrow occurs here
[INFO] [stdout]      |                 mutable borrow later used here
[INFO] [stdout] ...
[INFO] [stdout] 3729 |     mat_declare_modules!{}
[INFO] [stdout]      |     ---------------------- in this macro invocation
[INFO] [stdout]      |
[INFO] [stdout]      = note: this error originates in a macro (in Nightly builds, run with -Z macro-backtrace for more info)
[INFO] [stdout] 
[INFO] [stdout] 
[INFO] [stdout] error[E0502]: cannot borrow `rows` as immutable because it is also borrowed as mutable
[INFO] [stdout]     --> /opt/rustwide/cargo-home/registry/src/github.com-1ecc6299db9ec823/vek-0.9.5/src/mat.rs:1704:31
[INFO] [stdout]      |
[INFO] [stdout] 1704 |                 rows[3][1] += rows[1].dot(t);
[INFO] [stdout]      |                 --------------^^^^----------
[INFO] [stdout]      |                 |             |
[INFO] [stdout]      |                 |             immutable borrow occurs here
[INFO] [stdout]      |                 mutable borrow occurs here
[INFO] [stdout]      |                 mutable borrow later used here
[INFO] [stdout] ...
[INFO] [stdout] 3729 |     mat_declare_modules!{}
[INFO] [stdout]      |     ---------------------- in this macro invocation
[INFO] [stdout]      |
[INFO] [stdout]      = note: this error originates in a macro (in Nightly builds, run with -Z macro-backtrace for more info)
[INFO] [stdout] 
[INFO] [stdout] 
[INFO] [stdout] error[E0502]: cannot borrow `rows` as immutable because it is also borrowed as mutable
[INFO] [stdout]     --> /opt/rustwide/cargo-home/registry/src/github.com-1ecc6299db9ec823/vek-0.9.5/src/mat.rs:1705:31
[INFO] [stdout]      |
[INFO] [stdout] 1705 |                 rows[3][2] += rows[2].dot(t);
[INFO] [stdout]      |                 --------------^^^^----------
[INFO] [stdout]      |                 |             |
[INFO] [stdout]      |                 |             immutable borrow occurs here
[INFO] [stdout]      |                 mutable borrow occurs here
[INFO] [stdout]      |                 mutable borrow later used here
[INFO] [stdout] ...
[INFO] [stdout] 3729 |     mat_declare_modules!{}
[INFO] [stdout]      |     ---------------------- in this macro invocation
[INFO] [stdout]      |
[INFO] [stdout]      = note: this error originates in a macro (in Nightly builds, run with -Z macro-backtrace for more info)
[INFO] [stdout] 
[INFO] [stdout] 
[INFO] [stdout] error[E0502]: cannot borrow `rows` as immutable because it is also borrowed as mutable
[INFO] [stdout]     --> /opt/rustwide/cargo-home/registry/src/github.com-1ecc6299db9ec823/vek-0.9.5/src/mat.rs:1706:31
[INFO] [stdout]      |
[INFO] [stdout] 1706 |                 rows[3][3] += rows[3].dot(t);
[INFO] [stdout]      |                 --------------^^^^----------
[INFO] [stdout]      |                 |             |
[INFO] [stdout]      |                 |             immutable borrow occurs here
[INFO] [stdout]      |                 mutable borrow occurs here
[INFO] [stdout]      |                 mutable borrow later used here
[INFO] [stdout] ...
[INFO] [stdout] 3729 |     mat_declare_modules!{}
[INFO] [stdout]      |     ---------------------- in this macro invocation
[INFO] [stdout]      |
[INFO] [stdout]      = note: this error originates in a macro (in Nightly builds, run with -Z macro-backtrace for more info)
[INFO] [stdout] 
[INFO] [stdout] 
[INFO] [stdout] error[E0502]: cannot borrow `rows` as immutable because it is also borrowed as mutable
[INFO] [stdout]     --> /opt/rustwide/cargo-home/registry/src/github.com-1ecc6299db9ec823/vek-0.9.5/src/mat.rs:1703:31
[INFO] [stdout]      |
[INFO] [stdout] 1703 |                 rows[3][0] += rows[0].dot(t);
[INFO] [stdout]      |                 --------------^^^^----------
[INFO] [stdout]      |                 |             |
[INFO] [stdout]      |                 |             immutable borrow occurs here
[INFO] [stdout]      |                 mutable borrow occurs here
[INFO] [stdout]      |                 mutable borrow later used here
[INFO] [stdout] ...
[INFO] [stdout] 3729 |     mat_declare_modules!{}
[INFO] [stdout]      |     ---------------------- in this macro invocation
[INFO] [stdout]      |
[INFO] [stdout]      = note: this error originates in a macro (in Nightly builds, run with -Z macro-backtrace for more info)
[INFO] [stdout] 
[INFO] [stdout] 
[INFO] [stdout] error[E0502]: cannot borrow `rows` as immutable because it is also borrowed as mutable
[INFO] [stdout]     --> /opt/rustwide/cargo-home/registry/src/github.com-1ecc6299db9ec823/vek-0.9.5/src/mat.rs:1704:31
[INFO] [stdout]      |
[INFO] [stdout] 1704 |                 rows[3][1] += rows[1].dot(t);
[INFO] [stdout]      |                 --------------^^^^----------
[INFO] [stdout]      |                 |             |
[INFO] [stdout]      |                 |             immutable borrow occurs here
[INFO] [stdout]      |                 mutable borrow occurs here
[INFO] [stdout]      |                 mutable borrow later used here
[INFO] [stdout] ...
[INFO] [stdout] 3729 |     mat_declare_modules!{}
[INFO] [stdout]      |     ---------------------- in this macro invocation
[INFO] [stdout]      |
[INFO] [stdout]      = note: this error originates in a macro (in Nightly builds, run with -Z macro-backtrace for more info)
[INFO] [stdout] 
[INFO] [stdout] 
[INFO] [stdout] error[E0502]: cannot borrow `rows` as immutable because it is also borrowed as mutable
[INFO] [stdout]     --> /opt/rustwide/cargo-home/registry/src/github.com-1ecc6299db9ec823/vek-0.9.5/src/mat.rs:1705:31
[INFO] [stdout]      |
[INFO] [stdout] 1705 |                 rows[3][2] += rows[2].dot(t);
[INFO] [stdout]      |                 --------------^^^^----------
[INFO] [stdout]      |                 |             |
[INFO] [stdout]      |                 |             immutable borrow occurs here
[INFO] [stdout]      |                 mutable borrow occurs here
[INFO] [stdout]      |                 mutable borrow later used here
[INFO] [stdout] ...
[INFO] [stdout] 3729 |     mat_declare_modules!{}
[INFO] [stdout]      |     ---------------------- in this macro invocation
[INFO] [stdout]      |
[INFO] [stdout]      = note: this error originates in a macro (in Nightly builds, run with -Z macro-backtrace for more info)
[INFO] [stdout] 
[INFO] [stdout] 
[INFO] [stdout] error[E0502]: cannot borrow `rows` as immutable because it is also borrowed as mutable
[INFO] [stdout]     --> /opt/rustwide/cargo-home/registry/src/github.com-1ecc6299db9ec823/vek-0.9.5/src/mat.rs:1706:31
[INFO] [stdout]      |
[INFO] [stdout] 1706 |                 rows[3][3] += rows[3].dot(t);
[INFO] [stdout]      |                 --------------^^^^----------
[INFO] [stdout]      |                 |             |
[INFO] [stdout]      |                 |             immutable borrow occurs here
[INFO] [stdout]      |                 mutable borrow occurs here
[INFO] [stdout]      |                 mutable borrow later used here
[INFO] [stdout] ...
[INFO] [stdout] 3729 |     mat_declare_modules!{}
[INFO] [stdout]      |     ---------------------- in this macro invocation
[INFO] [stdout]      |
[INFO] [stdout]      = note: this error originates in a macro (in Nightly builds, run with -Z macro-backtrace for more info)
[INFO] [stdout] 
[INFO] [stdout] 
[INFO] [stdout] error[E0502]: cannot borrow `rows` as immutable because it is also borrowed as mutable
[INFO] [stdout]     --> /opt/rustwide/cargo-home/registry/src/github.com-1ecc6299db9ec823/vek-0.9.5/src/mat.rs:1703:31
[INFO] [stdout]      |
[INFO] [stdout] 1703 |                 rows[3][0] += rows[0].dot(t);
[INFO] [stdout]      |                 --------------^^^^----------
[INFO] [stdout]      |                 |             |
[INFO] [stdout]      |                 |             immutable borrow occurs here
[INFO] [stdout]      |                 mutable borrow occurs here
[INFO] [stdout]      |                 mutable borrow later used here
[INFO] [stdout] ...
[INFO] [stdout] 3751 |     mat_declare_modules!{}
[INFO] [stdout]      |     ---------------------- in this macro invocation
[INFO] [stdout]      |
[INFO] [stdout]      = note: this error originates in a macro (in Nightly builds, run with -Z macro-backtrace for more info)
[INFO] [stdout] 
[INFO] [stdout] 
[INFO] [stdout] error[E0502]: cannot borrow `rows` as immutable because it is also borrowed as mutable
[INFO] [stdout]     --> /opt/rustwide/cargo-home/registry/src/github.com-1ecc6299db9ec823/vek-0.9.5/src/mat.rs:1704:31
[INFO] [stdout]      |
[INFO] [stdout] 1704 |                 rows[3][1] += rows[1].dot(t);
[INFO] [stdout]      |                 --------------^^^^----------
[INFO] [stdout]      |                 |             |
[INFO] [stdout]      |                 |             immutable borrow occurs here
[INFO] [stdout]      |                 mutable borrow occurs here
[INFO] [stdout]      |                 mutable borrow later used here
[INFO] [stdout] ...
[INFO] [stdout] 3751 |     mat_declare_modules!{}
[INFO] [stdout]      |     ---------------------- in this macro invocation
[INFO] [stdout]      |
[INFO] [stdout]      = note: this error originates in a macro (in Nightly builds, run with -Z macro-backtrace for more info)
[INFO] [stdout] 
[INFO] [stdout] 
[INFO] [stdout] error[E0502]: cannot borrow `rows` as immutable because it is also borrowed as mutable
[INFO] [stdout]     --> /opt/rustwide/cargo-home/registry/src/github.com-1ecc6299db9ec823/vek-0.9.5/src/mat.rs:1705:31
[INFO] [stdout]      |
[INFO] [stdout] 1705 |                 rows[3][2] += rows[2].dot(t);
[INFO] [stdout]      |                 --------------^^^^----------
[INFO] [stdout]      |                 |             |
[INFO] [stdout]      |                 |             immutable borrow occurs here
[INFO] [stdout]      |                 mutable borrow occurs here
[INFO] [stdout]      |                 mutable borrow later used here
[INFO] [stdout] ...
[INFO] [stdout] 3751 |     mat_declare_modules!{}
[INFO] [stdout]      |     ---------------------- in this macro invocation
[INFO] [stdout]      |
[INFO] [stdout]      = note: this error originates in a macro (in Nightly builds, run with -Z macro-backtrace for more info)
[INFO] [stdout] 
[INFO] [stdout] 
[INFO] [stdout] error[E0502]: cannot borrow `rows` as immutable because it is also borrowed as mutable
[INFO] [stdout]     --> /opt/rustwide/cargo-home/registry/src/github.com-1ecc6299db9ec823/vek-0.9.5/src/mat.rs:1706:31
[INFO] [stdout]      |
[INFO] [stdout] 1706 |                 rows[3][3] += rows[3].dot(t);
[INFO] [stdout]      |                 --------------^^^^----------
[INFO] [stdout]      |                 |             |
[INFO] [stdout]      |                 |             immutable borrow occurs here
[INFO] [stdout]      |                 mutable borrow occurs here
[INFO] [stdout]      |                 mutable borrow later used here
[INFO] [stdout] ...
[INFO] [stdout] 3751 |     mat_declare_modules!{}
[INFO] [stdout]      |     ---------------------- in this macro invocation
[INFO] [stdout]      |
[INFO] [stdout]      = note: this error originates in a macro (in Nightly builds, run with -Z macro-backtrace for more info)
[INFO] [stdout] 
[INFO] [stdout] 
[INFO] [stdout] error[E0502]: cannot borrow `rows` as immutable because it is also borrowed as mutable
[INFO] [stdout]     --> /opt/rustwide/cargo-home/registry/src/github.com-1ecc6299db9ec823/vek-0.9.5/src/mat.rs:1703:31
[INFO] [stdout]      |
[INFO] [stdout] 1703 |                 rows[3][0] += rows[0].dot(t);
[INFO] [stdout]      |                 --------------^^^^----------
[INFO] [stdout]      |                 |             |
[INFO] [stdout]      |                 |             immutable borrow occurs here
[INFO] [stdout]      |                 mutable borrow occurs here
[INFO] [stdout]      |                 mutable borrow later used here
[INFO] [stdout] ...
[INFO] [stdout] 3751 |     mat_declare_modules!{}
[INFO] [stdout]      |     ---------------------- in this macro invocation
[INFO] [stdout]      |
[INFO] [stdout]      = note: this error originates in a macro (in Nightly builds, run with -Z macro-backtrace for more info)
[INFO] [stdout] 
[INFO] [stdout] 
[INFO] [stderr]     Checking winit v0.18.1
[INFO] [stdout] error[E0502]: cannot borrow `rows` as immutable because it is also borrowed as mutable
[INFO] [stdout]     --> /opt/rustwide/cargo-home/registry/src/github.com-1ecc6299db9ec823/vek-0.9.5/src/mat.rs:1704:31
[INFO] [stdout]      |
[INFO] [stdout] 1704 |                 rows[3][1] += rows[1].dot(t);
[INFO] [stdout]      |                 --------------^^^^----------
[INFO] [stdout]      |                 |             |
[INFO] [stdout]      |                 |             immutable borrow occurs here
[INFO] [stdout]      |                 mutable borrow occurs here
[INFO] [stdout]      |                 mutable borrow later used here
[INFO] [stdout] ...
[INFO] [stdout] 3751 |     mat_declare_modules!{}
[INFO] [stdout]      |     ---------------------- in this macro invocation
[INFO] [stdout]      |
[INFO] [stdout]      = note: this error originates in a macro (in Nightly builds, run with -Z macro-backtrace for more info)
[INFO] [stdout] 
[INFO] [stdout] 
[INFO] [stdout] error[E0502]: cannot borrow `rows` as immutable because it is also borrowed as mutable
[INFO] [stdout]     --> /opt/rustwide/cargo-home/registry/src/github.com-1ecc6299db9ec823/vek-0.9.5/src/mat.rs:1705:31
[INFO] [stdout]      |
[INFO] [stdout] 1705 |                 rows[3][2] += rows[2].dot(t);
[INFO] [stdout]      |                 --------------^^^^----------
[INFO] [stdout]      |                 |             |
[INFO] [stdout]      |                 |             immutable borrow occurs here
[INFO] [stdout]      |                 mutable borrow occurs here
[INFO] [stdout]      |                 mutable borrow later used here
[INFO] [stdout] ...
[INFO] [stdout] 3751 |     mat_declare_modules!{}
[INFO] [stdout]      |     ---------------------- in this macro invocation
[INFO] [stdout]      |
[INFO] [stdout]      = note: this error originates in a macro (in Nightly builds, run with -Z macro-backtrace for more info)
[INFO] [stdout] 
[INFO] [stdout] 
[INFO] [stdout] error[E0502]: cannot borrow `rows` as immutable because it is also borrowed as mutable
[INFO] [stdout]     --> /opt/rustwide/cargo-home/registry/src/github.com-1ecc6299db9ec823/vek-0.9.5/src/mat.rs:1706:31
[INFO] [stdout]      |
[INFO] [stdout] 1706 |                 rows[3][3] += rows[3].dot(t);
[INFO] [stdout]      |                 --------------^^^^----------
[INFO] [stdout]      |                 |             |
[INFO] [stdout]      |                 |             immutable borrow occurs here
[INFO] [stdout]      |                 mutable borrow occurs here
[INFO] [stdout]      |                 mutable borrow later used here
[INFO] [stdout] ...
[INFO] [stdout] 3751 |     mat_declare_modules!{}
[INFO] [stdout]      |     ---------------------- in this macro invocation
[INFO] [stdout]      |
[INFO] [stdout]      = note: this error originates in a macro (in Nightly builds, run with -Z macro-backtrace for more info)
[INFO] [stdout] 
[INFO] [stdout] 
[INFO] [stdout] error: aborting due to 16 previous errors
[INFO] [stdout] 
[INFO] [stdout] 
[INFO] [stdout] For more information about this error, try `rustc --explain E0502`.
[INFO] [stdout] 
[INFO] [stderr] error: could not compile `vek`.
[INFO] [stderr] 
[INFO] [stderr] To learn more, run the command again with --verbose.
[INFO] [stderr] warning: build failed, waiting for other jobs to finish...
[INFO] [stderr] error: build failed
[INFO] running `Command { std: "docker" "inspect" "4224ddc0ca3a911ee8f0f96dfaa39557c0a9edf206287d5ea26e8a87147bff15", kill_on_drop: false }`
[INFO] running `Command { std: "docker" "rm" "-f" "4224ddc0ca3a911ee8f0f96dfaa39557c0a9edf206287d5ea26e8a87147bff15", kill_on_drop: false }`
[INFO] [stdout] 4224ddc0ca3a911ee8f0f96dfaa39557c0a9edf206287d5ea26e8a87147bff15
